s 37 divide 101602?
True
Is 1721836 a multiple of 164?
True
Is 1519173 a multiple of 23?
True
Does 6 divide 45947?
False
Is 4 a factor of 372272?
True
Is 18 a factor of 2386358?
False
Does 8 divide 131448?
True
Is 10 a factor of 394257?
False
Is 28 a factor of 69933?
False
Is 4 a factor of 274308?
True
Is 49 a factor of 60507?
False
Is 4296247 a multiple of 14?
False
Does 87 divide 362181?
True
Does 258 divide 1597451?
False
Is 27 a factor of 432645?
False
Is 61755 a multiple of 15?
True
Is 133 a factor of 340613?
True
Does 20 divide 19270408?
False
Is 421 a factor of 185828?
False
Is 5841464 a multiple of 558?
False
Is 12 a factor of 616250?
False
Is 1709909 a multiple of 255?
False
Does 70 divide 50488?
False
Does 80 divide 2248560?
True
Is 55 a factor of 70070?
True
Is 586977 a multiple of 34?
False
Is 249678 a multiple of 10?
False
Is 10 a factor of 623360?
True
Is 124026 a multiple of 42?
True
Is 6691248 a multiple of 81?
True
Is 96 a factor of 1118061?
False
Does 236 divide 105579?
False
Does 10 divide 541410?
True
Does 95 divide 87685?
True
Does 2 divide 729213?
False
Is 12676 a multiple of 39?
False
Is 23542036 a multiple of 11?
False
Does 203 divide 757405?
False
Is 5 a factor of 78410?
True
Is 2383080 a multiple of 10?
True
Is 51 a factor of 5246676?
True
Does 23 divide 763545?
False
Does 38 divide 2461146?
True
Is 3948960 a multiple of 1520?
True
Is 61 a factor of 1294136?
False
Does 47 divide 8167535?
False
Does 20 divide 244060?
True
Is 815145 a multiple of 31?
True
Is 16678043 a multiple of 1256?
False
Does 1989 divide 8377668?
True
Does 506 divide 6752570?
True
Is 317376 a multiple of 24?
True
Does 157 divide 215224?
False
Is 30 a factor of 186420?
True
Does 30 divide 168470?
False
Is 23 a factor of 7321526?
False
Is 173 a factor of 632488?
True
Is 621477 a multiple of 1041?
True
Does 61 divide 1157059?
False
Is 12 a factor of 1230792?
True
Does 389 divide 6335904?
False
Is 395 a factor of 8340425?
True
Is 2890693 a multiple of 13?
True
Does 53 divide 300987?
True
Is 1768 a multiple of 52?
True
Is 287 a factor of 71750?
True
Is 22 a factor of 2687784?
True
Does 31 divide 17763?
True
Is 10 a factor of 217847?
False
Is 799864 a multiple of 26?
True
Is 27 a factor of 5738493?
False
Does 428 divide 25680?
True
Is 43 a factor of 1247321?
False
Does 426 divide 745292?
False
Does 77 divide 198275?
True
Is 24 a factor of 2823355?
False
Is 528840 a multiple of 195?
True
Does 115 divide 9185970?
True
Is 79 a factor of 232655?
True
Does 196 divide 1850436?
True
Is 73696 a multiple of 28?
True
Does 6 divide 112008?
True
Is 3 a factor of 432522?
True
Is 383 a factor of 5398275?
False
Is 92 a factor of 650900?
True
Does 172 divide 17238184?
True
Is 20 a factor of 5903440?
True
Is 6393240 a multiple of 504?
True
Is 1257569 a multiple of 401?
False
Does 25 divide 14720809?
False
Is 128 a factor of 1521920?
True
Is 306380 a multiple of 46?
False
Is 61750 a multiple of 10?
True
Does 34 divide 1015614?
True
Does 35 divide 54040?
True
Does 502 divide 1157612?
True
Is 60 a factor of 51498?
False
Is 324794 a multiple of 2?
True
Is 1175 a factor of 1519275?
True
Does 147 divide 400281?
True
Is 6 a factor of 427065?
False
Is 5 a factor of 422064?
False
Does 12 divide 2317020?
True
Is 82614 a multiple of 98?
True
Is 8137 even?
False
Is 62690 a multiple of 217?
False
Does 214 divide 5830045?
False
Is 15334 a multiple of 11?
True
Is 23107697 a multiple of 133?
False
Is 709079 a multiple of 29?
True
Is 2681100 a multiple of 450?
True
Is 121207 a multiple of 174?
False
Is 7 a factor of 1793886?
False
Is 7 a factor of 3880851?
False
Does 58 divide 265640?
True
Is 237 a factor of 829026?
True
Does 225 divide 4816014?
False
Does 388 divide 27936?
True
Is 95 a factor of 67355?
True
Is 47089 a multiple of 3?
False
Is 22527036 a multiple of 18?
True
Is 2847890 a multiple of 370?
True
Is 70 a factor of 1784069?
False
Does 36 divide 113628?
False
Does 169 divide 142024?
False
Is 3746506 a multiple of 67?
True
Is 2013774 a multiple of 88?
False
Is 8 a factor of 307877?
False
Does 904 divide 2166390?
False
Does 54 divide 156384?
True
Does 145 divide 1947673?
False
Is 13 a factor of 7433764?
True
Is 323 a factor of 649553?
True
Does 20 divide 16964781?
False
Is 3 a factor of 50106?
True
Is 265 a factor of 1055743?
False
Is 9 a factor of 29259?
True
Is 95988 a multiple of 12?
True
Is 9 a factor of 361323?
True
Is 1515006 a multiple of 108?
False
Is 20 a factor of 62406?
False
Is 867 a factor of 49419?
True
Does 153 divide 36925?
False
Is 29 a factor of 15931336?
False
Is 9 a factor of 140777?
False
Is 19 a factor of 6403?
True
Is 99379 a multiple of 3?
False
Is 48 a factor of 227424?
True
Is 99 a factor of 139424?
False
Is 699818 a multiple of 14?
True
Does 181 divide 449423?
True
Does 292 divide 1486572?
True
Does 490 divide 6189524?
False
Is 2734572 a multiple of 12?
True
Does 630 divide 111662?
False
Is 797094 a multiple of 261?
True
Is 718680 a multiple of 24?
True
Does 13 divide 605761?
True
Is 6724010 a multiple of 10?
True
Is 185200 a multiple of 388?
False
Does 11 divide 55602?
False
Is 128847 a multiple of 87?
True
Does 14 divide 4538647?
False
Is 51 a factor of 7001160?
False
Is 228 a factor of 34324?
False
Does 884 divide 1310088?
True
Does 324 divide 81000?
True
Is 74 a factor of 3324154?
True
Does 6 divide 122411?
False
Is 35 a factor of 1019480?
True
Does 6 divide 280749?
False
Does 21 divide 149871?
False
Does 74 divide 554630?
True
Does 16 divide 836677?
False
Is 31 a factor of 141701?
True
Does 10 divide 20130?
True
Is 3107260 a multiple of 988?
True
Is 14 a factor of 948514?
True
Does 129 divide 254147?
False
Is 85 a factor of 481270?
True
Does 3 divide 656846?
False
Is 894383 a multiple of 67?
True
Is 21149850 a multiple of 38?
True
Does 277 divide 1182513?
True
Is 75 a factor of 811050?
True
Does 110 divide 2536440?
False
Is 814169 a multiple of 42?
False
Is 1794362 a multiple of 67?
False
Is 17 a factor of 2723162?
True
Does 22 divide 30599523?
False
Is 406870 a multiple of 305?
True
Does 4 divide 9240?
True
Is 8 a factor of 114147?
False
Does 1014 divide 9049105?
False
Is 430875 a multiple of 125?
True
Is 997872 a multiple of 95?
False
Is 21 a factor of 384867?
True
Is 15199 a multiple of 8?
False
Does 380 divide 733400?
True
Is 29 a factor of 684728?
False
Does 476 divide 3417651?
False
Does 248 divide 58776?
True
Does 104 divide 736230?
False
Is 32 a factor of 355392?
True
Is 79 a factor of 22884?
False
Is 6 a factor of 52940?
False
Is 211 a factor of 4799860?
False
Does 20 divide 98941?
False
Is 2893272 a multiple of 58?
True
Is 23 a factor of 144798?
False
Is 1334592 a multiple of 64?
True
Is 653385 a multiple of 482?
False
Is 834330 a multiple of 11?
False
Is 26630 a multiple of 7?
False
Is 89 a factor of 706215?
True
Does 329 divide 405657?
True
Does 55 divide 3177570?
True
Does 39 divide 302991?
True
Is 13 a factor of 983268?
True
Is 4 a factor of 303021?
False
Is 1122 a factor of 1462889?
False
Does 185 divide 1526805?
True
Is 7 a factor of 230284?
False
Does 52 divide 146809?
False
Is 178586 a multiple of 11?
False
Does 50 divide 5430050?
True
Is 62360 a multiple of 8?
True
Does 6 divide 1684596?
True
Is 2 a factor of 48039?
False
Is 15 a factor of 29819?
False
Is 196601 a multiple of 3?
False
Is 131138 a multiple of 323?
True
Is 32580 a multiple of 20?
True
Does 22 divide 165506?
True
Is 15741980 a multiple of 1798?
False
Is 4246950 a multiple of 10?
True
Is 17 a factor of 5496906?
False
Does 107 divide 433564?
True
Does 18 divide 5437008?
True
Is 35 a factor of 94500?
True
Is 72094 a multiple of 11?
True
Is 1542298 a multiple of 6?
False
Is 11 a factor of 144925?
True
Does 11 divide 28716941?
True
Does 44 divide 642217?
False
Is 935392 even?
True
Is 3313660 a multiple of 20?
True
Does 11 divide 99605?
True
Is 18568820 a multiple of 851?
True
Is 2647821 a multiple of 209?
True
Is 154365 a multiple of 41?
True
Is 98 a factor of 58097?
False
Is 27 a factor of 613080?
False
Does 5 divide 279378?
False
Is 9672540 a multiple of 37?
True
Does 4 divide 118964?
True
Is 4 a factor of 1142053?
False
Does 89 divide 1127167?
False
Is 96 a factor of 5294?
False
Is 665 a factor of 1619967?
False
Does 24 divide 7180056?
True
Is 13908697 a multiple